{"id":4007,"date":"2019-08-29T17:27:52","date_gmt":"2019-08-29T16:27:52","guid":{"rendered":"http:\/\/brinkort.de\/?page_id=4007"},"modified":"2026-04-26T07:12:05","modified_gmt":"2026-04-26T06:12:05","slug":"bauerncafe-brinkort","status":"publish","type":"page","link":"https:\/\/brinkort.de\/index.php\/bauerncafe-brinkort\/?lang=de","title":{"rendered":"Bauerncafe BrinkOrt"},"content":{"rendered":"<div class=\"wpb-content-wrapper\"><p>[vc_row full_width=&#8221;stretch_row_content_no_spaces&#8221; full_height=&#8221;yes&#8221; columns_placement=&#8221;top&#8221; equal_height=&#8221;yes&#8221; parallax=&#8221;content-moving&#8221; css=&#8221;.vc_custom_1709283827137{background-image: url(https:\/\/brinkort.de\/wp-content\/uploads\/2024\/03\/Brinkort-innen-1000&#215;550-1.jpg?id=5220) !important;}&#8221;][vc_column][vc_row_inner][vc_column_inner width=&#8221;1\/4&#8243;][\/vc_column_inner][vc_column_inner width=&#8221;1\/2&#8243;][vc_column_text css_animation=&#8221;top-to-bottom&#8221;]<\/p>\n<h1 style=\"text-align: center;\"><strong><span style=\"color: #ffffff;\">Bauerncafe BrinkOrt<\/span><\/strong><\/h1>\n<h3 style=\"text-align: center;\"><span style=\"color: #ffffff;\">Hier finden Sie weitere Informationen \u00fcber unser gem\u00fctliches Speisecafe.<\/span><\/h3>\n<p>[\/vc_column_text][\/vc_column_inner][vc_column_inner width=&#8221;1\/4&#8243;][\/vc_column_inner][\/vc_row_inner][\/vc_column][\/vc_row][vc_row][vc_column][vc_empty_space][\/vc_column][\/vc_row][vc_row][vc_column][vc_tta_tour color=&#8221;sandy-brown&#8221; active_section=&#8221;1&#8243; title=&#8221;Bauerncafe BrinkOrt&#8221;][vc_tta_section title=&#8221;\u00d6ffnungszeiten&#8221; tab_id=&#8221;1567085258742-3cc1aa8e-d031&#8243;][lab_heading title_tag=&#8221;H1&#8243; title=&#8221;RESTAURANT BRINKORT IN WARMSEN&#8221; el_class=&#8221;center-title&#8221;]Gem\u00fctlich und g\u00fcnstig essen gehen im Restaurant BrinkOrt in Warmsen.<br \/>\nBuchen Sie einen Tisch schnell und einfach \u00fcber den Whatsapp-Button[\/lab_heading][vc_row_inner][vc_column_inner][vc_column_text css=&#8221;&#8221;]<\/p>\n<p style=\"text-align: center;\"><a href=\"https:\/\/wa.me\/491715491032?text=Ich%20wil%20ein%20Tisch%20reservieren%20am:\"><img loading=\"lazy\" decoding=\"async\" class=\"alignnone size-medium wp-image-5441\" src=\"https:\/\/brinkort.de\/wp-content\/uploads\/2024\/06\/WhatsApp_logo-500x167-1-300x100.png\" alt=\"\" width=\"300\" height=\"100\" \/><\/a><\/p>\n<p style=\"text-align: center;\">Sie k\u00f6nnen einen Tisch schnell und einfach \u00fcber WhatsApp oder per Telefon buchen.<\/p>\n<p>[\/vc_column_text][\/vc_column_inner][\/vc_row_inner][vc_row_inner][vc_column_inner][vc_column_text][\/vc_column_text][vc_column_text css=&#8221;&#8221;]<\/p>\n<h3 style=\"text-align: center;\">\u00d6ffnungszeiten BrinkOrt.<\/h3>\n<h5 style=\"text-align: center;\">Mittwoch ist Flammkuchen-Tag<\/h5>\n<p>&nbsp;<\/p>\n<p><span style=\"color: #ff6600;\"><strong>Restaurant und Biergarten abweichende \u00d6ffnungszeiten und Ank\u00fcndigungen:<\/strong><\/span><\/p>\n<p data-path-to-node=\"6\"><b data-path-to-node=\"6\" data-index-in-node=\"0\">Maiausflug zum Bauerncafe BrinkOrt \ud83c\udf37<\/b><\/p>\n<p data-path-to-node=\"7\">Planen Sie eine Radtour oder einen Spaziergang am Tag der Arbeit? Belohnen Sie sich mit einer Pause bei uns! Am <b data-path-to-node=\"7\" data-index-in-node=\"112\">Freitag, den 1. Mai<\/b>, haben wir ab <b data-path-to-node=\"7\" data-index-in-node=\"147\">12:00 Uhr<\/b> ge\u00f6ffnet.<\/p>\n<p data-path-to-node=\"8\">Freuen Sie sich auf frischen Kuchen, Kaffeespezialit\u00e4ten und die gem\u00fctliche Atmosph\u00e4re unseres Hofes. Wir freuen uns auf Ihren Besuch!<\/p>\n<h4 style=\"text-align: left;\">\u00d6ffnungszeiten im Winter, ab 6 Oktober<\/h4>\n<p><strong>Ruhetag:<\/strong> Montag-Dienstag<\/p>\n<p><strong>Ge\u00f6ffnet:<\/strong> Mittwoch-Sonntag<\/p>\n<p>Mittwoch &#8211; Samstag ab 17.00 Uhr. (Warme K\u00fcche ab 17.00 Uhr bis 20.00 Uhr )<\/p>\n<p>Sonntag und Feiertage ab 12.00 Uhr. (Warme K\u00fcche ab 12.00 Uhr bis 20.00 Uhr )<\/p>\n<p>&nbsp;<\/p>\n<h4 style=\"text-align: left;\">\u00d6ffnungszeiten im Sommer, ab Mai bis 6 Oktober<\/h4>\n<p><strong>Ruhetag:<\/strong> Montag-Dienstag<\/p>\n<p><strong>Ge\u00f6ffnet:<\/strong> Mittwoch-Sonntag<\/p>\n<p>Mittwoch &#8211; Freitag ab 16.00 Uhr. (Warme K\u00fcche ab 17.00 Uhr )<\/p>\n<p>Samstag ab 14.00 Uhr. (Warme K\u00fcche ab 14.00 Uhr )<\/p>\n<p>Sonntag und Feiertage ab 12.00 Uhr. (Warme K\u00fcche ab 12.00 Uhr )<\/p>\n<p>&nbsp;<\/p>\n<p>Sie k\u00f6nnen uns f\u00fcr Reservierungen oder weitere Informationen jederzeit telefonisch (0171-5491032) oder per E-Mail erreichen.[\/vc_column_text][\/vc_column_inner][\/vc_row_inner][\/vc_tta_section][vc_tta_section title=&#8221;Speisekarte\/Restaurant&#8221; tab_id=&#8221;1637500835102-3dcc0197-cac6&#8243;][vc_row_inner][vc_column_inner][vc_cta h2=&#8221;Bauerncafe BrinkOrt Ihr Speisecafe in Warmsen&#8221; txt_align=&#8221;center&#8221;]<\/p>\n<h4>Restaurant BrinkOrt<\/h4>\n<p>Das gem\u00fctliche Speisecafe, in dem im Winter der Bullerjan brennt, ist ein gem\u00fctlicher Treffpunkt, um allein, mit der Familie oder in einer Gruppe in angenehmer Atmosph\u00e4re zu essen.<br \/>\nBei sch\u00f6nem Wetter k\u00f6nnen Sie sich in dem gem\u00fctlichen und gro\u00dfz\u00fcgigen Biergarten entspannen.[\/vc_cta][\/vc_column_inner][\/vc_row_inner][vc_row_inner][vc_column_inner width=&#8221;1\/2&#8243;][vc_images_carousel images=&#8221;5644,5641,5632,5839,5635,5638,5840,5626,5623,5617,5629,5614,5620,5605&#8243; img_size=&#8221;large&#8221; onclick=&#8221;kalium_lightbox&#8221; speed=&#8221;3000&#8243; autoplay=&#8221;yes&#8221; wrap=&#8221;yes&#8221; css_animation=&#8221;rollIn&#8221; css=&#8221;&#8221;][\/vc_column_inner][vc_column_inner width=&#8221;1\/2&#8243;][vc_gallery interval=&#8221;3&#8243; images=&#8221;5194,4841,5182,5187,5173,5190,5215&#8243; img_size=&#8221;large&#8221;][\/vc_column_inner][\/vc_row_inner][\/vc_tta_section][vc_tta_section title=&#8221;Biergarten&#8221; tab_id=&#8221;1567086563791-d9ca43b2-3761&#8243;][vc_row_inner][vc_column_inner width=&#8221;1\/4&#8243;][vc_gallery interval=&#8221;3&#8243; images=&#8221;5202,5198,5205&#8243; img_size=&#8221;large&#8221;][\/vc_column_inner][vc_column_inner width=&#8221;3\/4&#8243;][vc_column_text css=&#8221;&#8221;]Bei sch\u00f6nem Wetter (w\u00e4hrend der Sommer\u00f6ffnungszeiten) ist unsere gem\u00fctliche Biergarten ab Mittwoch-Freitag ab 16.00 Uhr, Samstag ab 14.00 Uhr und Sonntag und Feiertage ab 12.00 Uhr ge\u00f6ffnet, das sich perfekt f\u00fcr ein Bier mit Bratwurst eignet, oder Genie\u00dfen Sie eines unserer Spezialbiere, fragen Sie nach dem aktuellen Angebot. Nat\u00fcrlich ist auch eine Tasse Kaffee und Kuchen oder ein Eis auch m\u00f6glich.<\/p>\n<p>Mittwoch &#8211; Freitag ab 16.00 Uhr.<\/p>\n<p>Samstag ab 14.00 Uhr.<\/p>\n<p>Sonntag und Feiertage ab 12.00 Uhr.[\/vc_column_text][\/vc_column_inner][\/vc_row_inner][\/vc_tta_section][vc_tta_section title=&#8221;Br\u00f6tchen&#8221; tab_id=&#8221;1567085258772-40daf8e0-6fe4&#8243;][vc_row_inner][vc_column_inner width=&#8221;1\/2&#8243;][vc_single_image image=&#8221;4178&#8243; img_size=&#8221;large&#8221; alignment=&#8221;center&#8221;][\/vc_column_inner][vc_column_inner width=&#8221;1\/2&#8243;][vc_column_text]T\u00e4glich gibt es einen Br\u00f6tchenservice f\u00fcr die Camping- und Wohnmobilg\u00e4ste[\/vc_column_text][\/vc_column_inner][\/vc_row_inner][\/vc_tta_section][vc_tta_section title=&#8221;Fr\u00fchst\u00fccken&#8221; tab_id=&#8221;1567087029066-c8cb2438-e113&#8243;][vc_row_inner][vc_column_inner width=&#8221;1\/4&#8243;][vc_single_image image=&#8221;5177&#8243; img_size=&#8221;large&#8221;][\/vc_column_inner][vc_column_inner width=&#8221;3\/4&#8243;][vc_column_text]Ab 09.30 Uhr ist von Mittwoch bis Sonntag Fr\u00fchst\u00fcck mit einer Gruppe m\u00f6glich.<\/p>\n<p>Wenn Sie mit einer gro\u00dfen Gruppe fr\u00fchst\u00fccken m\u00f6chten, lassen Sie es uns bitte wissen, damit wir die M\u00f6glichkeiten besprechen k\u00f6nnen.<\/p>\n<p>F\u00fcr das Fr\u00fchst\u00fcck ist eine Voranmeldung erforderlich.[\/vc_column_text][\/vc_column_inner][\/vc_row_inner][\/vc_tta_section][vc_tta_section title=&#8221;Spezialbier&#8221; tab_id=&#8221;1607620582459-5baa3cdb-6aa4&#8243;][vc_row_inner][vc_column_inner][vc_column_text]<\/p>\n<h2 style=\"text-align: center;\"><strong>Spezialbier<\/strong><\/h2>\n<p style=\"text-align: center;\"><strong>Im Bauerncafe BrinkOrt finden Sie verschiedene Spezialbiere.<\/strong><br \/>\n<strong>M\u00f6chten Sie zu Hause ein sch\u00f6nes Spezialbier trinken? Die Spezialbiere k\u00f6nnen auch abgeholt werden.<\/strong>[\/vc_column_text][\/vc_column_inner][\/vc_row_inner][vc_row_inner][vc_column_inner][vc_column_text]<\/p>\n<h4>Hertog Jan Grand Prestige<\/h4>\n<p><a href=\"https:\/\/www.ratebeer.com\/beer\/hertog-jan-grand-prestige\/5305\/\" target=\"_blank\" rel=\"noopener\">Bewertung Hertog Jan Grand Prestige auf Ratebeer<\/a><\/p>\n<p>Bier zum Aufbewahren.<\/p>\n<p>Die gr\u00f6\u00dfte Besonderheit aus dem Hause Hertog Jan ist ganz eindeutig das Grand Prestige. Das Hertog Jan Bier, das von der S\u00fcddeutschen Zeitung einst zu einem der 100 besten Biere der Welt gek\u00fcrt wurde, ist ein Barley Wine. Je l\u00e4nger der Grand Prestige aufbewahrt wird, desto mehr entwickelt sich dieser wunderbare Geschmack. Nach einigen Jahren erinnert der Geschmack an einen sch\u00f6nen alten Portwein.[\/vc_column_text][\/vc_column_inner][\/vc_row_inner][vc_row_inner][vc_column_inner width=&#8221;1\/2&#8243;][vc_column_text]<\/p>\n<ul>\n<li>Stil\u00a0 \u00a0 \u00a0 \u00a0 \u00a0 \u00a0 \u00a0 \u00a0 \u00a0 \u00a0 \u00a0 Quadrupel<\/li>\n<li>Volumen\u00a0 \u00a0 \u00a0 \u00a0 \u00a0 \u00a0 \u00a075 cl<\/li>\n<li>Alkoholgehalt\u00a0 \u00a0 10,0%<\/li>\n<li>Herkunft\u00a0 \u00a0 \u00a0 \u00a0 \u00a0 \u00a0 \u00a0Niederlande<\/li>\n<li>Brauer\u00a0 \u00a0 \u00a0 \u00a0 \u00a0 \u00a0 \u00a0 \u00a0 \u00a0Hertog Jan<\/li>\n<\/ul>\n<p>[\/vc_column_text][\/vc_column_inner][vc_column_inner width=&#8221;1\/2&#8243;][vc_single_image image=&#8221;4376&#8243; onclick=&#8221;kalium_lightbox&#8221;][\/vc_column_inner][\/vc_row_inner][vc_row_inner][vc_column_inner][vc_column_text]<\/p>\n<h4>St. Bernardus Abt 12.<\/h4>\n<p><a href=\"https:\/\/www.ratebeer.com\/Ratings\/Beer\/Beer-Ratings.asp?BeerID=2530\" target=\"_blank\" rel=\"noopener\">Bewertung St. Bernardus Abt 12 auf Ratebeer<\/a><\/p>\n<p>St. Bernardus Abt 12 wird oft mit dem meistger\u00fchmten Bier, Westvleteren 12, verglichen. Es wird nach dem Originalrezept des Westvleteren 12 gebraut, das f\u00fcr Bierfans seit Generation als das beste Bier der Welt gilt. \u00a0Vielleicht ist dieses Bier noch besser. Komplex im Geschmack, sehr sch\u00f6ne Balance zwischen S\u00fc\u00dfe und Bitterkeit. Langer Nachgeschmack mit Karamell und Rosinen.[\/vc_column_text][\/vc_column_inner][\/vc_row_inner][vc_row_inner][vc_column_inner width=&#8221;1\/2&#8243;][vc_column_text]<\/p>\n<ul>\n<li>Stil\u00a0 \u00a0 \u00a0 \u00a0 \u00a0 \u00a0 \u00a0 \u00a0 \u00a0 \u00a0 \u00a0 Quadrupel<\/li>\n<li>Volumen\u00a0 \u00a0 \u00a0 \u00a0 \u00a0 \u00a0 \u00a033 cl<\/li>\n<li>Alkoholgehalt\u00a0 \u00a0 10,0%<\/li>\n<li>Herkunft\u00a0 \u00a0 \u00a0 \u00a0 \u00a0 \u00a0 \u00a0Belgien<\/li>\n<li>Brauer\u00a0 \u00a0 \u00a0 \u00a0 \u00a0 \u00a0 \u00a0 \u00a0 \u00a0St. Bernardus<\/li>\n<\/ul>\n<p>[\/vc_column_text][\/vc_column_inner][vc_column_inner width=&#8221;1\/2&#8243;][\/vc_column_inner][\/vc_row_inner][vc_row_inner][vc_column_inner][vc_column_text]<\/p>\n<h4>La Trappe Bockbier<\/h4>\n<p><a href=\"https:\/\/www.ratebeer.com\/beer\/la-trappe-bockbier\/39548\/\">Bewertung La Trappe Bockbier auf Ratebeer<\/a><\/p>\n<p>Das La Trappe Bockbier aus dem Trappistenkloster in Berkel-Enschot bei Tilburg, Niederlande, ist das einzige Trappisten-Bockbier der Welt. Es wird mit nichts als nat\u00fcrlichen Zutaten gebraut und durchl\u00e4uft eine leichte Sekund\u00e4rg\u00e4rung in der Flasche. Dieses einzigartige saisonale Produkt hat eine tiefrote Farbe, einen sehr reichen Geschmack und malziges Aroma. Die aromatischen Hopfenarten und die sch\u00f6n ger\u00f6steten Malztypen verleihen ihm eine angenehme Bitterkeit, die \u00fcberraschend mit dem leichten Unterton schmilzt.[\/vc_column_text][\/vc_column_inner][\/vc_row_inner][vc_row_inner][vc_column_inner width=&#8221;1\/2&#8243;][vc_column_text]<\/p>\n<ul>\n<li>Stil\u00a0 \u00a0 \u00a0 \u00a0 \u00a0 \u00a0 \u00a0 \u00a0 \u00a0 \u00a0 \u00a0 Bockbier<\/li>\n<li>Volumen\u00a0 \u00a0 \u00a0 \u00a0 \u00a0 \u00a0 \u00a033 cl<\/li>\n<li>Alkoholgehalt\u00a0 \u00a0 7,0%<\/li>\n<li>Herkunft\u00a0 \u00a0 \u00a0 \u00a0 \u00a0 \u00a0 \u00a0Niederlande<\/li>\n<li>Brauer\u00a0 \u00a0 \u00a0 \u00a0 \u00a0 \u00a0 \u00a0 \u00a0 \u00a0La Trappe (Koningshoeven)<\/li>\n<\/ul>\n<p>[\/vc_column_text][\/vc_column_inner][vc_column_inner width=&#8221;1\/2&#8243;][vc_single_image image=&#8221;4345&#8243; onclick=&#8221;kalium_lightbox&#8221;][\/vc_column_inner][\/vc_row_inner][vc_row_inner][vc_column_inner][vc_column_text]<\/p>\n<h4>Trappistes Rochefort 10<\/h4>\n<p><a href=\"https:\/\/www.ratebeer.com\/beer\/trappistes-rochefort-10\/2360\/\" target=\"_blank\" rel=\"noopener\">Bewertung Trappistes Rochefort 10 auf Ratebeer<\/a><\/p>\n<p>Beim Rochefort 10 handelt es sich um ein belgisches Trappistenbier und um das st\u00e4rkste der Rochefort Serie. Der Alkoholgehalt liegt hier n\u00e4mlich bei 11,3%. Gebraut wird es in der Abtei Notre-Dame de Saint-R\u00e9my in Rochefort in der belgischen Provinz Namur.[\/vc_column_text][\/vc_column_inner][\/vc_row_inner][vc_row_inner][vc_column_inner width=&#8221;1\/2&#8243;][vc_column_text]<\/p>\n<ul>\n<li>Stil\u00a0 \u00a0 \u00a0 \u00a0 \u00a0 \u00a0 \u00a0 \u00a0 \u00a0 \u00a0 \u00a0 Quadrupel<\/li>\n<li>Volumen\u00a0 \u00a0 \u00a0 \u00a0 \u00a0 \u00a0 \u00a033 cl<\/li>\n<li>Alkoholgehalt\u00a0 \u00a0 11,3%<\/li>\n<li>Herkunft\u00a0 \u00a0 \u00a0 \u00a0 \u00a0 \u00a0 \u00a0Belgien<\/li>\n<li>Brauer\u00a0 \u00a0 \u00a0 \u00a0 \u00a0 \u00a0 \u00a0 \u00a0 Abbaye Notre-Dame de Saint-Remy Rochefort<\/li>\n<\/ul>\n<p>[\/vc_column_text][\/vc_column_inner][vc_column_inner width=&#8221;1\/2&#8243;][vc_single_image image=&#8221;4316&#8243; onclick=&#8221;kalium_lightbox&#8221;][\/vc_column_inner][\/vc_row_inner][vc_row_inner][vc_column_inner][vc_column_text]<\/p>\n<h4>Maisel&#8217;s Weisse Alkoholfrei<\/h4>\n<p><a href=\"https:\/\/www.ratebeer.com\/beer\/maisels-weisse-alkoholfrei\/27797\/\" target=\"_blank\" rel=\"noopener\">Bewertung Maisel&#8217;s Weisse Alkoholfrei auf Ratebeer<\/a><\/p>\n<p>Die sportliche Variante von Maisel&#8217;s Weisse wird wie alle anderen Maisel&#8217;s Weisse Sorten nur aus nat\u00fcrlichen Rohstoffen hergestellt und hat dabei 40% weniger Kalorien im Vergleich zu einer Maisel&#8217;s Weisse Original. Mit einem eigens entwickelten Brauverfahren ist es den Braumeistern gelungen, den Alkohol schonend zu entziehen, wodurch die charakteristischen Eigenschaften von Maisel&#8217;s Weisse erhalten bleiben. So gl\u00e4nzt auch diese Variante mit der einzigartig r\u00f6tlich leuchtenden Bernsteinfarbe und einem w\u00fcrzig-fruchtigen Geschmackseindruck.[\/vc_column_text][\/vc_column_inner][\/vc_row_inner][vc_row_inner][vc_column_inner width=&#8221;1\/2&#8243;][vc_column_text]<\/p>\n<ul>\n<li>Stil\u00a0 \u00a0 \u00a0 \u00a0 \u00a0 \u00a0 \u00a0 \u00a0 \u00a0 \u00a0 \u00a0 Wei\u00dfbier Alkoholfrei<\/li>\n<li>Volumen\u00a0 \u00a0 \u00a0 \u00a0 \u00a0 \u00a0 \u00a050 cl<\/li>\n<li>Alkoholgehalt\u00a0 \u00a0 &lt; 0,5 %<\/li>\n<li>Herkunft\u00a0 \u00a0 \u00a0 \u00a0 \u00a0 \u00a0 \u00a0Deutschland<\/li>\n<li>Brauer\u00a0 \u00a0 \u00a0 \u00a0 \u00a0 \u00a0 \u00a0 \u00a0 \u00a0Gebr\u00fcder Maisel<\/li>\n<\/ul>\n<p>[\/vc_column_text][\/vc_column_inner][vc_column_inner width=&#8221;1\/2&#8243;][vc_single_image image=&#8221;4356&#8243; onclick=&#8221;kalium_lightbox&#8221;][\/vc_column_inner][\/vc_row_inner][\/vc_tta_section][vc_tta_section title=&#8221;Hutkonzert&#8221; tab_id=&#8221;1600102163163-b956dd1d-f73c&#8221;][vc_row_inner][vc_column_inner][vc_single_image image=&#8221;4520&#8243; img_size=&#8221;full&#8221;][vc_column_text]<\/p>\n<h3 style=\"text-align: center;\">In 2020 und 2021 wurde im Bauerncafe BrinkOrt ein sehr erfolgreiches und und gut besuchtes HutKonzert organisiert.<\/h3>\n<h4>Was ist ein HutKonzert?<\/h4>\n<p>Bei einem Hut Konzert braucht Ihr keinen Eintritt zu bezahlen. Das einzige was Ihr tun k\u00f6nnt ist der Musiker eine kleine Spende zu geben.[\/vc_column_text][vc_column_text]<\/p>\n<h4 style=\"text-align: center;\">IN 2020 UND 2021 HATTEN WIR EIN HUTKONZERT IM BAUERNCAFE BRINKORT<br \/>\nHIER EINEM EINDRUCK<\/h4>\n<p>[\/vc_column_text][vc_video link=&#8221;https:\/\/youtu.be\/uhz1ogG7r1I&#8221;][\/vc_column_inner][\/vc_row_inner][\/vc_tta_section][vc_tta_section title=&#8221;Theater&#8221; tab_id=&#8221;1642760577504-56982ae1-e86f&#8221;][vc_row_inner][vc_column_inner][vc_column_text]<\/p>\n<h2 style=\"text-align: center;\">Theater im Bauerncafe BrinkOrt<\/h2>\n<h3 style=\"text-align: center;\">Am Samstag, den 5. M\u00e4rz 2022, wurde im Bauerncafe BrinkOrt ein sehr erfolgreiches und ausverkauftes Theaterst\u00fcck aufgef\u00fchrt.<\/h3>\n<h3 style=\"text-align: center;\">Westf\u00e4lische Mausefalle<\/h3>\n<h4 style=\"text-align: center;\"><b>\u201eGut gegen Nordwind\u201c<\/b><\/h4>\n<p>[\/vc_column_text][\/vc_column_inner][\/vc_row_inner][vc_row_inner][vc_column_inner width=&#8221;1\/4&#8243;][vc_single_image image=&#8221;4699&#8243; img_size=&#8221;medium&#8221; alignment=&#8221;center&#8221;][\/vc_column_inner][vc_column_inner width=&#8221;1\/2&#8243;][vc_column_text]<\/p>\n<h4><strong><span class=\"ds1\">Szenische Lesung<br \/>\n<\/span>Roman von Daniel Glattauer<\/strong><\/h4>\n<p>Emmi Rothner m\u00f6chte ihr Abonnement der Zeitschrift \u201eLike\u201c k\u00fcndigen, doch aufgrund eines Tippfehlers erh\u00e4lt Leo Leike die E-Mail. H\u00f6flich weist er sie auf den Irrtum hin. Neun Monate sp\u00e4ter erh\u00e4lt er Weihnachtsgr\u00fc\u00dfe von ihr: Die Webdesignerin nahm seine Adresse versehentlich in ihre Kundendatei auf. Leo beschwert sich \u00fcber die Massenmail. Damit beginnt eine E-Mail-Korrespondenz von zwei Menschen, die sich virtuell immer n\u00e4her kommen \u2026[\/vc_column_text][\/vc_column_inner][vc_column_inner width=&#8221;1\/4&#8243;][vc_single_image image=&#8221;4685&#8243; img_size=&#8221;medium&#8221; alignment=&#8221;center&#8221;][\/vc_column_inner][\/vc_row_inner][vc_row_inner][vc_column_inner][vc_column_text]<strong>Die Westf\u00e4lische Mausefalle<\/strong><\/p>\n<div>Die Theatergemeinschaft Westf\u00e4lische Mausefalle e.V. ist ein ambitioniertes Amateur-Ensemble und hat seit der Gr\u00fcndung im M\u00e4rz 1986 unter der Leitung von Ernst Stahlhut 34\u00a0abendf\u00fcllende St\u00fccke auf die B\u00fchne gebracht. Mit \u201cGut gegen Nordwind\u201d pr\u00e4sentiert\u00a0die Truppe, vertreten durch Ernst Stahlhut und seine Lesepartnerin Martina Dietrich, eine\u00a0szenische\u00a0Lesung, die nicht als blo\u00dfes Vorlesen missverstanden werden darf, sondern eher als ein am Theaterspiel orientierter Vortrag. Ein Zuschauer beschrieb es mal treffend als &#8220;gespieltes H\u00f6rbuch&#8221;. Die Presse reagierte begeistert auf die Premiere und urteilte: Die Akteure der \u201eWestf\u00e4lischen Mausefalle\u201c hauchen den Figuren Authentizit\u00e4t ein, der Zuh\u00f6rer taucht geradezu in die elektronische Zwiesprache der beiden Flirter ein.<\/div>\n<div>Meinungen des bisherigen Publikums gibt es unter:\u00a0 \u00a0<a href=\"https:\/\/westfaelischemausefalle.de\/publikum\/#nordwind\"><strong>https:\/\/westfaelischemausefalle.de\/publikum\/#nordwind<\/strong><\/a><\/div>\n<p>[\/vc_column_text][\/vc_column_inner][\/vc_row_inner][vc_row_inner][vc_column_inner width=&#8221;1\/2&#8243;][vc_column_text]<\/p>\n<h4><\/h4>\n<h4 style=\"text-align: left;\">Samstag, 5. M\u00e4rz 2022, 19:00 Uhr<\/h4>\n<p><strong>Eintrittskarten:<\/strong> 13,50<\/p>\n<p><strong>Inklusive:<\/strong><\/p>\n<ul>\n<li>Eintritt<\/li>\n<li>Tasse Kaffee<\/li>\n<li>Bier vom Fass oder Softdrink nach Wahl (0,3l)<\/li>\n<li>Br\u00f6tchen\u00a0 \u00a8Niederl\u00e4ndischer Frikandel\u00a8<\/li>\n<\/ul>\n<p>[\/vc_column_text][\/vc_column_inner][vc_column_inner width=&#8221;1\/2&#8243;][vc_single_image image=&#8221;4682&#8243; img_size=&#8221;medium&#8221; alignment=&#8221;center&#8221;][\/vc_column_inner][\/vc_row_inner][\/vc_tta_section][\/vc_tta_tour][vc_row_inner][vc_column_inner width=&#8221;1\/3&#8243;][\/vc_column_inner][vc_column_inner width=&#8221;1\/3&#8243;][vc_raw_html]JTNDaWZyYW1lJTIwc3JjJTNEJTIyaHR0cHMlM0ElMkYlMkZ3d3cuZmFjZWJvb2suY29tJTJGcGx1Z2lucyUyRmxpa2UucGhwJTNGaHJlZiUzRGh0dHBzJTI1M0ElMjUyRiUyNTJGd3d3LmZhY2Vib29rLmNvbSUyNTJGYnJpbmtvcnQlMjUyRiUyNndpZHRoJTNENDUwJTI2bGF5b3V0JTNEc3RhbmRhcmQlMjZhY3Rpb24lM0RsaWtlJTI2c2l6ZSUzRGxhcmdlJTI2c2hhcmUlM0R0cnVlJTI2aGVpZ2h0JTNEMzUlMjZhcHBJZCUyMiUyMHdpZHRoJTNEJTIyNDUwJTIyJTIwaGVpZ2h0JTNEJTIyMzUlMjIlMjBzdHlsZSUzRCUyMmJvcmRlciUzQW5vbmUlM0JvdmVyZmxvdyUzQWhpZGRlbiUyMiUyMHNjcm9sbGluZyUzRCUyMm5vJTIyJTIwZnJhbWVib3JkZXIlM0QlMjIwJTIyJTIwYWxsb3dUcmFuc3BhcmVuY3klM0QlMjJ0cnVlJTIyJTIwYWxsb3clM0QlMjJlbmNyeXB0ZWQtbWVkaWElMjIlM0UlM0MlMkZpZnJhbWUlM0U=[\/vc_raw_html][\/vc_column_inner][vc_column_inner width=&#8221;1\/3&#8243;][\/vc_column_inner][\/vc_row_inner][\/vc_column][\/vc_row]<\/p>\n<\/div>","protected":false},"excerpt":{"rendered":"<p>[vc_row full_width=&#8221;stretch_row_content_no_spaces&#8221; full_height=&#8221;yes&#8221; columns_placement=&#8221;top&#8221; equal_height=&#8221;yes&#8221; parallax=&#8221;content-moving&#8221; css=&#8221;.vc_custom_1709283827137{background-image: url(https:\/\/brinkort.de\/wp-content\/uploads\/2024\/03\/Brinkort-innen-1000&#215;550-1.jpg?id=5220) !important;}&#8221;][vc_column][vc_row_inner][vc_column_inner width=&#8221;1\/4&#8243;][\/vc_column_inner][vc_column_inner width=&#8221;1\/2&#8243;][vc_column_text css_animation=&#8221;top-to-bottom&#8221;] Bauerncafe BrinkOrt Hier finden Sie weitere Informationen \u00fcber unser gem\u00fctliches Speisecafe. [\/vc_column_text][\/vc_column_inner][vc_column_inner width=&#8221;1\/4&#8243;][\/vc_column_inner][\/vc_row_inner][\/vc_column][\/vc_row][vc_row][vc_column][vc_empty_space][\/vc_column][\/vc_row][vc_row][vc_column][vc_tta_tour color=&#8221;sandy-brown&#8221; active_section=&#8221;1&#8243; title=&#8221;Bauerncafe BrinkOrt&#8221;][vc_tta_section title=&#8221;\u00d6ffnungszeiten&#8221; tab_id=&#8221;1567085258742-3cc1aa8e-d031&#8243;][lab_heading title_tag=&#8221;H1&#8243; title=&#8221;RESTAURANT BRINKORT IN WARMSEN&#8221; el_class=&#8221;center-title&#8221;]Gem\u00fctlich und g\u00fcnstig essen gehen im Restaurant BrinkOrt in Warmsen. Buchen Sie einen Tisch schnell und einfach \u00fcber den&hellip;<\/p>\n","protected":false},"author":1,"featured_media":0,"parent":0,"menu_order":0,"comment_status":"closed","ping_status":"closed","template":"","meta":{"_acf_changed":false,"footnotes":""},"class_list":["post-4007","page","type-page","status-publish","hentry"],"acf":[],"_links":{"self":[{"href":"https:\/\/brinkort.de\/index.php\/wp-json\/wp\/v2\/pages\/4007","targetHints":{"allow":["GET"]}}],"collection":[{"href":"https:\/\/brinkort.de\/index.php\/wp-json\/wp\/v2\/pages"}],"about":[{"href":"https:\/\/brinkort.de\/index.php\/wp-json\/wp\/v2\/types\/page"}],"author":[{"embeddable":true,"href":"https:\/\/brinkort.de\/index.php\/wp-json\/wp\/v2\/users\/1"}],"replies":[{"embeddable":true,"href":"https:\/\/brinkort.de\/index.php\/wp-json\/wp\/v2\/comments?post=4007"}],"version-history":[{"count":305,"href":"https:\/\/brinkort.de\/index.php\/wp-json\/wp\/v2\/pages\/4007\/revisions"}],"predecessor-version":[{"id":5852,"href":"https:\/\/brinkort.de\/index.php\/wp-json\/wp\/v2\/pages\/4007\/revisions\/5852"}],"wp:attachment":[{"href":"https:\/\/brinkort.de\/index.php\/wp-json\/wp\/v2\/media?parent=4007"}],"curies":[{"name":"wp","href":"https:\/\/api.w.org\/{rel}","templated":true}]}}